{"id":4,"date":"2019-07-17T19:34:56","date_gmt":"2019-07-17T19:34:56","guid":{"rendered":"https:\/\/blackltech.com\/?page_id=4"},"modified":"2019-07-18T14:50:22","modified_gmt":"2019-07-18T14:50:22","slug":"conocenos","status":"publish","type":"page","link":"https:\/\/blackltech.com\/?page_id=4","title":{"rendered":"Con\u00f3cenos"},"content":{"rendered":"\n<h2>Acerca de Nosotros<\/h2>\n\n\n\n<hr class=\"wp-block-separator\"\/>\n\n\n\n<h2>Misi\u00f3n<\/h2>\n\n\n\n<p class=\"has-drop-cap\">Somos una empresa <strong>nacida en Ecuador<\/strong> y conformada por profesionales con el objetivo de ofrecer soluciones inform\u00e1ticas  a la provincia de  Tungurahua  y sus alrededores. <br>Encaminados a ello, en 2017 surge Black Label Tech, una compa\u00f1\u00eda destinada al desarrollo, venta y distribuci\u00f3n de software, mantenimiento de equipos, acondicionamiento de redes e implementaci\u00f3n de seguridades.<br>Nuestra misi\u00f3n es contribuir al desarrollo de las empresas a  trav\u00e9s del fortalecimiento tecnol\u00f3gico; entregando software a medida,  seguridad inform\u00e1tica y servicio t\u00e9cnico. <\/p>\n\n\n\n<div class=\"wp-block-cover aligncenter has-background-dim has-parallax\" style=\"background-image:url(https:\/\/blackltech.com\/wp-content\/uploads\/2019\/07\/conocenos.jpg)\"><div class=\"wp-block-cover__inner-container\">\n<p style=\"text-align:center\" class=\"has-large-font-size\"><\/p>\n<\/div><\/div>\n\n\n\n<hr class=\"wp-block-separator\"\/>\n\n\n\n<h2>Visi\u00f3n<\/h2>\n\n\n\n<p class=\"has-drop-cap\"><strong>Nuestro compromiso constante<\/strong> nos lleva a vernos en los  pr\u00f3ximos cinco a\u00f1os como el mejor aliado de la peque\u00f1a, mediana y grande  empresa, contribuyendo como pilar importante de la econom\u00eda de  Tungurahua y del Ecuador y convirti\u00e9ndonos en uno de los mayores  impulsadores de tecnolog\u00eda. <\/p>\n\n\n\n<hr class=\"wp-block-separator\"\/>\n\n\n\n<h2>Valores<\/h2>\n\n\n\n<div class=\"wp-block-media-text alignwide has-media-on-the-right\"><figure class=\"wp-block-media-text__media\"><img loading=\"lazy\" width=\"1024\" height=\"684\" src=\"https:\/\/blackltech.com\/wp-content\/uploads\/2019\/07\/integridad-1024x684.jpg\" alt=\"\" class=\"wp-image-72\" srcset=\"https:\/\/blackltech.com\/wp-content\/uploads\/2019\/07\/integridad.jpg 1024w, https:\/\/blackltech.com\/wp-content\/uploads\/2019\/07\/integridad-300x200.jpg 300w, https:\/\/blackltech.com\/wp-content\/uploads\/2019\/07\/integridad-768x513.jpg 768w, https:\/\/blackltech.com\/wp-content\/uploads\/2019\/07\/integridad-720x480.jpg 720w\" sizes=\"(max-width: 1024px) 100vw, 1024px\" \/><\/figure><div class=\"wp-block-media-text__content\">\n<p class=\"has-medium-font-size\">Compromiso<br><br>Integridad<br><br>Confianza <\/p>\n<\/div><\/div>\n","protected":false},"excerpt":{"rendered":"<p>Acerca de Nosotros Misi\u00f3n Somos una empresa nacida en Ecuador y conformada por profesionales con el objetivo de ofrecer soluciones inform\u00e1ticas a la provincia de Tungurahua y sus alrededores. Encaminados a ello, en 2017 surge Black Label Tech, una compa\u00f1\u00eda destinada al desarrollo, venta y distribuci\u00f3n de software, mantenimiento de equipos, acondicionamiento de redes e implementaci\u00f3n de seguridades.Nuestra misi\u00f3n es &hellip;<\/p>\n","protected":false},"author":1,"featured_media":0,"parent":0,"menu_order":0,"comment_status":"closed","ping_status":"closed","template":"","meta":[],"_links":{"self":[{"href":"https:\/\/blackltech.com\/index.php?rest_route=\/wp\/v2\/pages\/4"}],"collection":[{"href":"https:\/\/blackltech.com\/index.php?rest_route=\/wp\/v2\/pages"}],"about":[{"href":"https:\/\/blackltech.com\/index.php?rest_route=\/wp\/v2\/types\/page"}],"author":[{"embeddable":true,"href":"https:\/\/blackltech.com\/index.php?rest_route=\/wp\/v2\/users\/1"}],"replies":[{"embeddable":true,"href":"https:\/\/blackltech.com\/index.php?rest_route=%2Fwp%2Fv2%2Fcomments&post=4"}],"version-history":[{"count":9,"href":"https:\/\/blackltech.com\/index.php?rest_route=\/wp\/v2\/pages\/4\/revisions"}],"predecessor-version":[{"id":80,"href":"https:\/\/blackltech.com\/index.php?rest_route=\/wp\/v2\/pages\/4\/revisions\/80"}],"wp:attachment":[{"href":"https:\/\/blackltech.com\/index.php?rest_route=%2Fwp%2Fv2%2Fmedia&parent=4"}],"curies":[{"name":"wp","href":"https:\/\/api.w.org\/{rel}","templated":true}]}}