{"id":16,"date":"2019-07-17T20:05:31","date_gmt":"2019-07-17T20:05:31","guid":{"rendered":"https:\/\/blackltech.com\/?page_id=16"},"modified":"2019-07-18T13:57:03","modified_gmt":"2019-07-18T13:57:03","slug":"servicios","status":"publish","type":"page","link":"https:\/\/blackltech.com\/?page_id=16","title":{"rendered":"Nuestros Servicios"},"content":{"rendered":"\n<h2>Mantenimiento de Servidores<\/h2>\n\n\n\n<div class=\"wp-block-media-text alignwide\"><figure class=\"wp-block-media-text__media\"><img loading=\"lazy\" width=\"450\" height=\"300\" src=\"https:\/\/blackltech.com\/wp-content\/uploads\/2019\/07\/servidor.jpg\" alt=\"\" class=\"wp-image-55\" srcset=\"https:\/\/blackltech.com\/wp-content\/uploads\/2019\/07\/servidor.jpg 450w, https:\/\/blackltech.com\/wp-content\/uploads\/2019\/07\/servidor-300x200.jpg 300w\" sizes=\"(max-width: 450px) 100vw, 450px\" \/><\/figure><div class=\"wp-block-media-text__content\">\n<p>Mantenimiento preventivo, correctivo y potenciaci\u00f3n de servidores Linux y Windosw.<\/p>\n<\/div><\/div>\n\n\n\n<hr class=\"wp-block-separator\"\/>\n\n\n\n<h2>Desarrollo de WebSite<\/h2>\n\n\n\n<div class=\"wp-block-media-text alignwide has-media-on-the-right\"><figure class=\"wp-block-media-text__media\"><img loading=\"lazy\" width=\"700\" height=\"420\" src=\"https:\/\/blackltech.com\/wp-content\/uploads\/2019\/07\/paginawebWP.jpg\" alt=\"\" class=\"wp-image-59\" srcset=\"https:\/\/blackltech.com\/wp-content\/uploads\/2019\/07\/paginawebWP.jpg 700w, https:\/\/blackltech.com\/wp-content\/uploads\/2019\/07\/paginawebWP-300x180.jpg 300w\" sizes=\"(max-width: 700px) 100vw, 700px\" \/><\/figure><div class=\"wp-block-media-text__content\">\n<p class=\"has-small-font-size\">\nElaboraci\u00f3n de sitios web din\u00e1micos, con tecnolog\u00eda responsive design. \n\n<\/p>\n<\/div><\/div>\n\n\n\n<hr class=\"wp-block-separator\"\/>\n\n\n\n<h2>Seguridad Inform\u00e1tica<\/h2>\n\n\n\n<div class=\"wp-block-media-text alignwide\"><figure class=\"wp-block-media-text__media\"><img loading=\"lazy\" width=\"370\" height=\"250\" src=\"https:\/\/blackltech.com\/wp-content\/uploads\/2019\/07\/seguridad-informatica.jpg\" alt=\"\" class=\"wp-image-57\" srcset=\"https:\/\/blackltech.com\/wp-content\/uploads\/2019\/07\/seguridad-informatica.jpg 370w, https:\/\/blackltech.com\/wp-content\/uploads\/2019\/07\/seguridad-informatica-300x203.jpg 300w\" sizes=\"(max-width: 370px) 100vw, 370px\" \/><\/figure><div class=\"wp-block-media-text__content\">\n<p class=\"has-small-font-size\">\n Sistemas de detecci\u00f3n de intrusos, medidas preventivas y correctivas   \npara eliminaci\u00f3n de malware, auditorias de seguridad y ethical hacking. \n  \n\n<\/p>\n<\/div><\/div>\n\n\n\n<hr class=\"wp-block-separator\"\/>\n\n\n\n<h2>Software  a Medida<\/h2>\n\n\n\n<div class=\"wp-block-media-text alignwide has-media-on-the-right\"><figure class=\"wp-block-media-text__media\"><img loading=\"lazy\" width=\"1000\" height=\"667\" src=\"https:\/\/blackltech.com\/wp-content\/uploads\/2019\/07\/software.jpg\" alt=\"\" class=\"wp-image-54\" srcset=\"https:\/\/blackltech.com\/wp-content\/uploads\/2019\/07\/software.jpg 1000w, https:\/\/blackltech.com\/wp-content\/uploads\/2019\/07\/software-300x200.jpg 300w, https:\/\/blackltech.com\/wp-content\/uploads\/2019\/07\/software-768x512.jpg 768w, https:\/\/blackltech.com\/wp-content\/uploads\/2019\/07\/software-720x480.jpg 720w\" sizes=\"(max-width: 1000px) 100vw, 1000px\" \/><\/figure><div class=\"wp-block-media-text__content\">\n<p class=\"has-small-font-size\">An\u00e1lisis, Dise\u00f1o, Codificaci\u00f3n e Implementaci\u00f3n de plataformas    tecnol\u00f3gicas base a requerimientos del cliente. Aplicaciones m\u00f3viles y    de escritorio, conexi\u00f3n y elaboraci\u00f3n de webservice.   <\/p>\n<\/div><\/div>\n\n\n\n<hr class=\"wp-block-separator\"\/>\n\n\n\n<h2>Instalaci\u00f3n y Mantenimiento de Redes<\/h2>\n\n\n\n<div class=\"wp-block-media-text alignwide\"><figure class=\"wp-block-media-text__media\"><img loading=\"lazy\" width=\"728\" height=\"410\" src=\"https:\/\/blackltech.com\/wp-content\/uploads\/2019\/07\/redes2.jpg\" alt=\"\" class=\"wp-image-53\" srcset=\"https:\/\/blackltech.com\/wp-content\/uploads\/2019\/07\/redes2.jpg 728w, https:\/\/blackltech.com\/wp-content\/uploads\/2019\/07\/redes2-300x169.jpg 300w\" sizes=\"(max-width: 728px) 100vw, 728px\" \/><\/figure><div class=\"wp-block-media-text__content\">\n<p class=\"has-small-font-size\">\nGesti\u00f3n e instalaci\u00f3n de redes inform\u00e1ticas, as\u00ed como  soluciones de la infraestructura de red en entornos Linux y Windows. <br>Administraci\u00f3n de Firewall y servidores proxy.\n\n<\/p>\n<\/div><\/div>\n\n\n\n<hr class=\"wp-block-separator\"\/>\n\n\n\n<h2>Capacitaciones<\/h2>\n\n\n\n<p>Capacitaciones sobre diferentes \u00e1mbitos de tecnolog\u00eda y  administraci\u00f3n de sistemas, gesti\u00f3n de riesgo inform\u00e1tico y operativo,  seguridad inform\u00e1tica, manejo de c\u00f3digo fuente y base de datos Oracle,  SQL, MySQL.  <\/p>\n","protected":false},"excerpt":{"rendered":"<p>Mantenimiento de Servidores Mantenimiento preventivo, correctivo y potenciaci\u00f3n de servidores Linux y Windosw. Desarrollo de WebSite Elaboraci\u00f3n de sitios web din\u00e1micos, con tecnolog\u00eda responsive design. Seguridad Inform\u00e1tica Sistemas de detecci\u00f3n de intrusos, medidas preventivas y correctivas para eliminaci\u00f3n de malware, auditorias de seguridad y ethical hacking. Software a Medida An\u00e1lisis, Dise\u00f1o, Codificaci\u00f3n e Implementaci\u00f3n de plataformas tecnol\u00f3gicas base a requerimientos &hellip;<\/p>\n","protected":false},"author":1,"featured_media":0,"parent":0,"menu_order":0,"comment_status":"closed","ping_status":"closed","template":"","meta":[],"_links":{"self":[{"href":"https:\/\/blackltech.com\/index.php?rest_route=\/wp\/v2\/pages\/16"}],"collection":[{"href":"https:\/\/blackltech.com\/index.php?rest_route=\/wp\/v2\/pages"}],"about":[{"href":"https:\/\/blackltech.com\/index.php?rest_route=\/wp\/v2\/types\/page"}],"author":[{"embeddable":true,"href":"https:\/\/blackltech.com\/index.php?rest_route=\/wp\/v2\/users\/1"}],"replies":[{"embeddable":true,"href":"https:\/\/blackltech.com\/index.php?rest_route=%2Fwp%2Fv2%2Fcomments&post=16"}],"version-history":[{"count":8,"href":"https:\/\/blackltech.com\/index.php?rest_route=\/wp\/v2\/pages\/16\/revisions"}],"predecessor-version":[{"id":70,"href":"https:\/\/blackltech.com\/index.php?rest_route=\/wp\/v2\/pages\/16\/revisions\/70"}],"wp:attachment":[{"href":"https:\/\/blackltech.com\/index.php?rest_route=%2Fwp%2Fv2%2Fmedia&parent=16"}],"curies":[{"name":"wp","href":"https:\/\/api.w.org\/{rel}","templated":true}]}}